Let w = 150 + -85. What is the remainder when w is divided by 24?
17
Suppose 2*h + 9 = 3*h. What is the remainder when 24 is divided by h?
6
Let z = 205 - 109. Suppose 5*b - z - 39 = 0. What is the remainder when b is divided by 7?
6
Suppose -6*z - 1170 = -15*z. What is the remainder when z is divided by 19?
16
Let o be (5 - 4)*(6 + -1). Let g(f) = -f**2 + 4*f + 5. Let s be g(o). Suppose s = -0*a + 5*a - 5. What is the remainder when a is divided by 1?
0
Let f = 9 + 0. Suppose 0 = s + f - 27. What is the remainder when 53 is divided by s?
17
Suppose 7*y = 2*y + 15. Suppose -p = 3*k - 5, p - y*k - k = 26. Let w = -37 - -64. What is the remainder when w is divided by p?
13
Suppose v - 3*y + y - 33 = 0, 2*y = 0. What is the remainder when v is divided by 24/(-7)*21/(-6)?
9
Let i = -14 - -4. What is the remainder when i/15 + 334/6 is divided by 14?
13
Let k(g) = 8*g**2. Let i be 129/(-6) - 5/(-10). Let q = -10 - i. Calculate the remainder when k(-2) is divided by q.
10
Let r be (0/3)/((-6)/(-3)). Suppose -4*f + 5*w - 36 = r, 0 = -4*w - w - 20. What is the remainder when 427/49 + (-4)/f is divided by 5?
4
Let l(y) = 5*y**2 + 25*y + 11. Calculate the remainder when l(-7) is divided by 28.
25
Let i = 33 - 14. Suppose -4*s = -7*s + 9. Suppose -f - 1 = 0, -m + 11 - 4 = s*f. Calculate the remainder when i is divided by m.
9
Suppose 0 = g + 3*m + 55, -g = 2*g + m + 149. Let k = -38 + 15. Let u = k - g. What is the remainder when 76 is divided by u?
24
Let s(a) = 3*a - 1. Let b be (1/3)/(6/72). Suppose 0 = -y + 2*j + 5 + 1, 4*y = -j + 24. What is the remainder when s(b) is divided by y?
5
Let y = 100 - -73. Calculate the remainder when y is divided by 22.
19
Let h = -20 - -28. Calculate the remainder when h is divided by 5.
3
Suppose -6*c + 152 = -2*c. What is the remainder when c is divided by 10?
8
Suppose -2*p + 49 = -53. What is the remainder when p is divided by 26?
25
Suppose -2*n - h - 3*h + 26 = 0, 2*h - 10 = 0. Let y = 11 + -5. Calculate the remainder when y is divided by n.
0
Let g(o) = o**3 + 13*o**2 + 13*o + 12. Let b be g(-12). Suppose -18 = -3*d - b. Calculate the remainder when d is divided by 3.
0
Let i = 24 + 1. What is the remainder when i is divided by 7?
4
Suppose x - 40 = -x. Let l = -16 + 23. What is the remainder when x is divided by l?
6
Let j(b) = 4*b - 1. Suppose 6*d - 90 = d. Let u = 31 - d. What is the remainder when u is divided by j(2)?
6
Let f = -1 - -5. Suppose -2*s = f*t - 5*s + 102, 2*s = -t - 20. Let q = t - -52. Calculate the remainder when q is divided by 10.
8
Let t(j) = -8*j**3 - j**2 + 1. Suppose -18 - 13 = 5*b + 2*i, -2*b + 3*i = 1. What is the remainder when (4/b)/((-4)/70) is divided by t(-1)?
6
Suppose -p + b = -0*p + 18, 0 = 4*b + 12. Let a(m) = 6*m + 37. Calculate the remainder when a(-5) is divided by 32/14 - (-6)/p.
1
Let b = 57 + -41. What is the remainder when 64/2 + -4 + 2 is divided by b?
14
Let t(f) = 3 + 4*f**2 + 4*f + f**3 - f - f**3 + f**3. Calculate the remainder when 3 is divided by t(-3).
0
Suppose 0 = -4*a - 3*s + 155, -2*a + 3*s = 3*a - 160. Let g(b) = -8*b**3 - 2*b - 1. What is the remainder when a is divided by g(-1)?
8
Suppose 4*o - w + 0*w - 18 = 0, o = -4*w + 13. Suppose a + o*h = 0, -11 - 6 = -3*a + 2*h. Let b = a - 3. Calculate the remainder when b is divided by 1.
0
Suppose -f = f - 2*g - 36, -15 = -5*g. Let n = f + -3. Calculate the remainder when n is divided by 10.
8
Let h(l) = -5*l. What is the remainder when 116 is divided by h(-6)?
26
Let s = -106 - -164. Let y(f) = -30*f - 25. Let h(l) = l + 1. Let p(i) = 50*h(i) + 2*y(i). What is the remainder when s is divided by p(-2)?
18
Let m = -6 + 7. Let p = 12 - m. What is the remainder when 20 is divided by p?
9
Let a = 22 + 0. Let j be (-4 - -3)/((-1)/(-36)). Let q = j + 78. Calculate the remainder when q is divided by a.
20
Let j(f) = 14*f**2 + 1. Let x = 159 - 144. Calculate the remainder when j(2) is divided by x.
12
Let d(y) = -y + 9. Let s be (-42)/4*6/(-9). Let m be d(s). Calculate the remainder when 55/m + 1/2 is divided by 10.
8
Let g be (-4)/((-8)/2) + -1. Let c(f) = -4*f + 3. Let q be c(-4). Let a = q + g. Calculate the remainder when 56 is divided by a.
18
Let g(b) = 2*b**3 - 3*b**2 + 2*b - 7. Calculate the remainder when g(3) is divided by 15.
11
Let i be 2 + (4 - (-3 - -5)). Suppose -4*f + 35 + 23 = 3*q, -i*q - 2*f + 64 = 0. Calculate the remainder when q is divided by 8.
6
Suppose 22 = 2*x - 2*s, -5 = -2*x - 3*s + 7. Let q(p) = -p**2 - 10*p + 9. Calculate the remainder when q(-8) is divided by x.
7
Let d = 10 - 7. Suppose -2*o + d = 1. What is the remainder when 1/(16/(-18) + o) is divided by 5?
4
Suppose 10 = -i + 3*i - 4*j, -2*j = 2*i + 8. What is the remainder when (-1280)/(-28) + -1 - (-4)/14 is divided by i/(-3) + 70/6?
9
Let c be -1 + 0 + 8 + -2. Suppose -4*x - 5*z = -128, 33 = -c*x - 2*z + 176. Calculate the remainder when 105 is divided by x.
24
Let v(y) = 2*y**2 - 7*y + 1. What is the remainder when v(5) is divided by 4*4/(16/9)?
7
Let z be (-2)/4 + (-33)/(-6). Suppose z*t - 5 = -0*t. Suppose -5*c = -351 + t. Calculate the remainder when c is divided by 24.
22
Let r be (-10 - 2)*(-2)/6. Suppose 40 = r*c - 0*c. What is the remainder when 17 is divided by c?
7
Let k be -3*(0 - 34/(-3)). Let u = k + 73. Let i = 56 - u. What is the remainder when i is divided by 9?
8
Let s = 1 + 14. Suppose 4*c - 10 = 5*o, 3*c = -c + 2*o + 16. Suppose -l = -c*l + 112. Calculate the remainder when l is divided by s.
13
Calculate the remainder when ((-3)/((-45)/10))/(2/186) is divided by 13.
10
Let h(l) = -l**2 + 5*l + 6. Let w be h(6). Suppose -2*m + 19 + 13 = w. Calculate the remainder when 62 is divided by m.
14
Let p = 115 + -111. Calculate the remainder when 23 is divided by p.
3
Let k = 166 + -105. Suppose -z + g + 26 = -41, 2*g = -z + k. Calculate the remainder when z is divided by 22.
21
Let c = 75 + -20. Let m = 29 + -61. Let h = m + c. What is the remainder when h is divided by 8?
7
Let h(l) = l + 19. Let z(r) = r + 18. Let c(s) = -6*h(s) + 7*z(s). Let v(j) = j - 5. Let m be v(5). Calculate the remainder when 22 is divided by c(m).
10
Suppose -3*l - 2*k = -124, -106 + 314 = 5*l + 4*k. What is the remainder when l is divided by 7?
5
Let c be -10*((-9)/(-6))/(-3). Suppose 6*u - 3*u - 120 = 0. Calculate the remainder when u is divided by (48/10 - 2)*c.
12
Suppose -5*y = -49 - 36. Let p(z) = -4*z**3 - z**2 - 3*z - 1. What is the remainder when p(-2) is divided by y?
16
Let z = 11 + 0. Let f(c) = 6*c**2 + 2*c + 1. Let w be (5/(-10))/((-2)/(-8)). What is the remainder when f(w) is divided by z?
10
Let j(h) = 3*h**2 + 2*h + 17. What is the remainder when 147 is divided by j(0)?
11
Let t(r) = -20*r + 8. Let z(q) = -q + 1. Let w(u) = t(u) - 10*z(u). Calculate the remainder when w(-4) is divided by 10.
8
Let s = 21 + -41. Let l = s - -52. What is the remainder when (l - 0)/((-4)/(-4)) is divided by 11?
10
Suppose -3*n - d + 6 = -4*d, -2 = -n + 5*d. Suppose -3*j = -t + n, -8 = 5*j + t + 6. Calculate the remainder when 17 is divided by 47/5 - j/(-5).
8
Suppose 0 = -2*s - 10, -21 = -2*b + 3*s + 10. Let c = 1 + b. Calculate the remainder when 15 is divided by c.
6
Let h = 1 - -17. Let l = -81 + 130. Suppose -z = -3*t + 34, 0 = -3*t + 2*z + l - 11. Calculate the remainder when h is divided by t.
8
Let s(c) be the first derivative of c**2 - 3*c + 1. Calculate the remainder when s(5) is divided by (4/(-6))/((-4)/18).
1
Suppose 9*i = -5*i + 378. Calculate the remainder when 88 is divided by i.
7
Suppose -21*l - 126 = -23*l. What is the remainder when l is divided by 8?
7
Let f = 10 + -6. Calculate the remainder when 9 is divided by f.
1
What is the remainder when 2/(-6) - (-424)/12 is divided by 9?
8
Let z = 5 + -14. Let d(o) = o**2 + 8*o - 5. Let n be d(z). Suppose -10 = -4*q + 2*m + 100, -q = n*m - 14. Calculate the remainder when q is divided by 9.
8
Suppose -10*r = -870 + 280. What is the remainder when r is divided by 22?
15
Suppose -x - 3*x = -96. What is the remainder when 46 is divided by x?
22
Let i = -57 - -62. What is the remainder when i is divided by 3?
2
Suppose 5*m = 2*g - 57, -m + 2*m = 5*g - 85. Calculate the remainder when 27 is divided by g.
11
Suppose 2*w + 5*v - 66 = 7*v, -5*w - 4*v + 183 = 0. What is the remainder when